{"id":1241,"date":"2022-06-06T15:54:26","date_gmt":"2022-06-06T15:54:26","guid":{"rendered":"https:\/\/uib.com.co\/seguros-uib\/?page_id=1241"},"modified":"2022-06-09T15:03:46","modified_gmt":"2022-06-09T15:03:46","slug":"nuestro-equipo","status":"publish","type":"page","link":"https:\/\/uib.com.co\/seguros-uib\/nuestro-equipo\/","title":{"rendered":"Nuestro Equipo"},"content":{"rendered":"<p>[et_pb_section fb_built=\u00bb1&#8243; _builder_version=\u00bb4.3.2&#8243; background_color=\u00bb#00283c\u00bb custom_margin=\u00bb0px|0px|0px|0px|false|false\u00bb custom_padding=\u00bb0px|0px|0px|0px|false|false\u00bb global_module=\u00bb1263&#8243; saved_tabs=\u00bball\u00bb locked=\u00bboff\u00bb][et_pb_row use_custom_gutter=\u00bbon\u00bb gutter_width=\u00bb1&#8243; make_equal=\u00bbon\u00bb _builder_version=\u00bb4.3.2&#8243; width=\u00bb100%\u00bb max_width=\u00bb2560px\u00bb custom_margin=\u00bb0px|0px|0px|0px|false|false\u00bb custom_padding=\u00bb0px|0px|0px|0px|false|false\u00bb][et_pb_column type=\u00bb4_4&#8243; _builder_version=\u00bb4.3.2&#8243;][et_pb_menu menu_id=\u00bb3&#8243; active_link_color=\u00bb#FFFFFF\u00bb dropdown_menu_bg_color=\u00bb#1759a3&#8243; dropdown_menu_line_color=\u00bb#FFFFFF\u00bb dropdown_menu_text_color=\u00bb#efefef\u00bb dropdown_menu_active_link_color=\u00bb#FFFFFF\u00bb mobile_menu_bg_color=\u00bb#1759a3&#8243; mobile_menu_text_color=\u00bb#FFFFFF\u00bb logo=\u00bbhttps:\/\/uib.com.co\/wp\/wp-content\/uploads\/2022\/02\/UIBH_logo_WHITE2-300&#215;78-1.png\u00bb logo_url=\u00bbhttps:\/\/uib.com.co\/seguros-uib\/\u00bb logo_max_height=\u00bb54px\u00bb logo_tablet=\u00bb\u00bb logo_phone=\u00bbhttps:\/\/uib.com.co\/wp\/wp-content\/uploads\/2022\/03\/UIBH_logo_WHITE2-padding.png\u00bb logo_last_edited=\u00bbon|phone\u00bb logo_max_height_last_edited=\u00bboff|phone\u00bb module_class=\u00bbeffects-nav\u00bb _builder_version=\u00bb4.3.2&#8243; menu_font=\u00bb|700|||||||\u00bb menu_text_color=\u00bb#FFFFFF\u00bb menu_font_size=\u00bb17px\u00bb menu_line_height=\u00bb2.2em\u00bb background_color=\u00bbrgba(255,255,255,0)\u00bb text_orientation=\u00bbcenter\u00bb width=\u00bb100%\u00bb max_width=\u00bb100%\u00bb module_alignment=\u00bbcenter\u00bb min_height=\u00bb-20px\u00bb height=\u00bb100px\u00bb height_tablet=\u00bb\u00bb height_phone=\u00bb70px\u00bb height_last_edited=\u00bbon|desktop\u00bb custom_margin=\u00bb0px||0px||true|false\u00bb custom_margin_tablet=\u00bb\u00bb custom_margin_phone=\u00bb\u00bb custom_margin_last_edited=\u00bbon|desktop\u00bb custom_padding=\u00bb0px|0px|0px|20px|false|false\u00bb menu_text_color__hover_enabled=\u00bbon|hover\u00bb menu_text_color__hover=\u00bb#FFFFFF\u00bb][\/et_pb_menu][et_pb_code _builder_version=\u00bb4.3.2&#8243;]<\/p>\n<style><!-- [et_pb_line_break_holder] -->.effects-nav li {<!-- [et_pb_line_break_holder] -->  background-color: rgba(221,221,221,0);<!-- [et_pb_line_break_holder] -->  transition: 0.3s;<!-- [et_pb_line_break_holder] -->}<!-- [et_pb_line_break_holder] --><!-- [et_pb_line_break_holder] -->.effects-nav li:hover {<!-- [et_pb_line_break_holder] -->  background-color: #1759a3;<!-- [et_pb_line_break_holder] -->}<!-- [et_pb_line_break_holder] --><\/style>\n<p>[\/et_pb_code][\/et_pb_column][\/et_pb_row][\/et_pb_section][et_pb_section fb_built=\u00bb1&#8243; _builder_version=\u00bb4.3.2&#8243; background_image=\u00bbhttps:\/\/uib.com.co\/wp-content\/uploads\/2022\/04\/bogota4-1024&#215;596-1.png\u00bb custom_padding=\u00bb110px||0px|||\u00bb locked=\u00bboff\u00bb][et_pb_row _builder_version=\u00bb4.3.2&#8243;][et_pb_column type=\u00bb4_4&#8243; _builder_version=\u00bb4.3.2&#8243;][et_pb_text _builder_version=\u00bb4.3.2&#8243; text_text_color=\u00bb#FFFFFF\u00bb text_font_size=\u00bb42px\u00bb header_font=\u00bb|700|||||||\u00bb header_text_color=\u00bb#FFFFFF\u00bb header_font_size=\u00bb71px\u00bb background_enable_image=\u00bboff\u00bb text_orientation=\u00bbcenter\u00bb custom_padding=\u00bb||85px|||\u00bb text_text_shadow_style=\u00bbpreset1&#8243; header_text_shadow_style=\u00bbpreset1&#8243; header_text_shadow_vertical_length=\u00bb0.05em\u00bb]<\/p>\n<h1>Nuestro equipo<\/h1>\n<p>&nbsp;<\/p>\n<p>[\/et_pb_text][\/et_pb_column][\/et_pb_row][et_pb_row column_structure=\u00bb1_5,1_5,1_5,1_5,1_5&#8243; use_custom_gutter=\u00bbon\u00bb gutter_width=\u00bb1&#8243; make_equal=\u00bbon\u00bb _builder_version=\u00bb4.3.2&#8243; background_color=\u00bbrgba(0,0,0,0.69)\u00bb width=\u00bb100%\u00bb max_width=\u00bb2560px\u00bb custom_margin=\u00bb0px||0px||false|false\u00bb custom_padding=\u00bb0px|6em|0px|6em|false|false\u00bb saved_tabs=\u00bball\u00bb][et_pb_column type=\u00bb1_5&#8243; _builder_version=\u00bb4.3.2&#8243;][\/et_pb_column][et_pb_column type=\u00bb1_5&#8243; _builder_version=\u00bb4.3.2&#8243;][et_pb_text _builder_version=\u00bb4.3.2&#8243; text_text_color=\u00bb#FFFFFF\u00bb text_font_size=\u00bb16px\u00bb background_color=\u00bbrgba(0,95,170,0)\u00bb text_orientation=\u00bbcenter\u00bb custom_padding=\u00bb25px||25px||false|false\u00bb link_option_url=\u00bbhttps:\/\/uib.com.co\/seguros-uib\/uib-seguros-colombia\u00bb hover_enabled=\u00bb0&#8243; background__hover_enabled=\u00bbon|desktop\u00bb background_color__hover=\u00bb#005faa\u00bb background_enable_color__hover=\u00bbon\u00bb]<\/p>\n<p>UIB Seguros\u00a0<\/p>\n<p>[\/et_pb_text][\/et_pb_column][et_pb_column type=\u00bb1_5&#8243; _builder_version=\u00bb4.3.2&#8243;][et_pb_text _builder_version=\u00bb4.3.2&#8243; text_text_color=\u00bb#FFFFFF\u00bb text_font_size=\u00bb16px\u00bb background_color=\u00bb#005faa\u00bb text_orientation=\u00bbcenter\u00bb custom_padding=\u00bb25px||25px||false|false\u00bb link_option_url=\u00bbhttps:\/\/uib.com.co\/seguros-uib\/nuestro-equipo\u00bb background__hover_enabled=\u00bbon|desktop\u00bb background_color__hover=\u00bb#005faa\u00bb background_enable_color__hover=\u00bbon\u00bb]<\/p>\n<p>Nuestro equipo<\/p>\n<p>[\/et_pb_text][\/et_pb_column][et_pb_column type=\u00bb1_5&#8243; _builder_version=\u00bb4.3.2&#8243;][et_pb_text _builder_version=\u00bb4.3.2&#8243; text_text_color=\u00bb#FFFFFF\u00bb text_font_size=\u00bb16px\u00bb background_color=\u00bbrgba(0,95,170,0)\u00bb text_orientation=\u00bbcenter\u00bb custom_padding=\u00bb25px||25px||false|false\u00bb link_option_url=\u00bbhttps:\/\/uib.com.co\/seguros-uib\/nuestro-equipo\/uib-group\/\u00bb background__hover_enabled=\u00bbon|desktop\u00bb background_color__hover=\u00bb#005faa\u00bb background_enable_color__hover=\u00bbon\u00bb]<\/p>\n<p>UIB Group<\/p>\n<p>[\/et_pb_text][\/et_pb_column][et_pb_column type=\u00bb1_5&#8243; _builder_version=\u00bb4.3.2&#8243;][\/et_pb_column][\/et_pb_row][\/et_pb_section][et_pb_section fb_built=\u00bb1&#8243; _builder_version=\u00bb4.3.2&#8243; background_image=\u00bbhttps:\/\/uib.com.co\/wp-content\/uploads\/2022\/04\/Bg-circle-1.png\u00bb background_size=\u00bbcontain\u00bb background_position=\u00bbtop_left\u00bb custom_padding=\u00bb63px|||||\u00bb locked=\u00bboff\u00bb][et_pb_row _builder_version=\u00bb4.3.2&#8243; width=\u00bb90%\u00bb custom_padding=\u00bb||2px|||\u00bb][et_pb_column type=\u00bb4_4&#8243; _builder_version=\u00bb4.3.2&#8243;][et_pb_divider color=\u00bb#000000&#8243; divider_weight=\u00bb3px\u00bb _builder_version=\u00bb4.3.2&#8243; width=\u00bb28%\u00bb][\/et_pb_divider][\/et_pb_column][\/et_pb_row][et_pb_row _builder_version=\u00bb4.3.2&#8243; width=\u00bb90%\u00bb custom_padding=\u00bb0px||2px|||\u00bb][et_pb_column type=\u00bb4_4&#8243; _builder_version=\u00bb4.3.2&#8243;][et_pb_text _builder_version=\u00bb4.3.2&#8243; header_font=\u00bb|700|||||||\u00bb header_font_size=\u00bb35px\u00bb]<\/p>\n<h1>Correo electr\u00f3nico del equipo<\/h1>\n<p>[\/et_pb_text][et_pb_divider color=\u00bbrgba(0,0,0,0.2)\u00bb divider_weight=\u00bb2px\u00bb _builder_version=\u00bb4.3.2&#8243; custom_margin=\u00bb||-3px|||\u00bb][\/et_pb_divider][et_pb_text content_tablet=\u00bb<\/p>\n<div style=%22width: 300px;%22>\n<h3 style=%22color: #005faa;%22><strong>Presidente<\/strong><\/h3>\n<\/div>\n<div style=%22width: 300px;%22>\n<h4><strong>Yolanda Guerra<\/strong><\/h4>\n<\/div>\n<div style=%22width: 300px;%22>\n<h4 style=%22color: #2b8ada;%22><a href=%22mailto:yguerra@uib.com.co%22>yguerra@uib.com.co<\/a><\/h4>\n<\/div>\n<p>\u00bb content_phone=\u00bb<\/p>\n<div style=%22width: 300px;%22>\n<h3 style=%22color: #005faa;%22><strong>Presidente<\/strong><\/h3>\n<\/div>\n<div style=%22width: 300px;%22>\n<h4><strong>Yolanda Guerra<\/strong><\/h4>\n<\/div>\n<div style=%22width: 300px;%22>\n<h4 style=%22color: #2b8ada;%22><a href=%22mailto:yguerra@uib.com.co%22>yguerra@uib.com.co<\/a><\/h4>\n<\/div>\n<p>\u00bb content_last_edited=\u00bbon|phone\u00bb _builder_version=\u00bb4.3.2&#8243; header_font=\u00bb|700|||||||\u00bb hover_enabled=\u00bb0&#8243;]<\/p>\n<div style=\"display: flex;\">\n<div style=\"width: 350px;\">\n<h3 style=\"color: #005faa;\"><strong>Presidente<\/strong><\/h3>\n<\/div>\n<div style=\"width: 300px;\">\n<h4>Yolanda Guerra<\/h4>\n<\/div>\n<div style=\"width: 300px;\">\n<h4 style=\"color: #2b8ada;\"><a href=\"mailto:yguerra@uib.com.co\">yguerra@uib.com.co<\/a><\/h4>\n<\/div>\n<\/div>\n<p>[\/et_pb_text][et_pb_divider color=\u00bbrgba(0,0,0,0.2)\u00bb divider_weight=\u00bb2px\u00bb _builder_version=\u00bb4.3.2&#8243; custom_margin=\u00bb||-5px|||\u00bb][\/et_pb_divider][et_pb_text content_tablet=\u00bb<\/p>\n<div>\n<div style=%22width: 350px;%22>\n<h3 style=%22color: #005faa;%22><strong>Vicepresidente Ejecutivo<\/strong><\/h3>\n<\/div>\n<div style=%22width: 300px;%22>\n<h4>Carlos Eduardo Ruiz<\/h4>\n<\/div>\n<div style=%22width: 300px;%22>\n<h4 style=%22color: #2b8ada;%22><a href=%22mailto:cruiz@uib.com.co%22>cruiz@uib.com.co<\/a><\/h4>\n<\/div>\n<\/div>\n<p>\u00bb content_phone=\u00bb<\/p>\n<div>\n<div style=%22width: 350px;%22>\n<h3 style=%22color: #005faa;%22><strong>Vicepresidente Ejecutivo<\/strong><\/h3>\n<\/div>\n<div style=%22width: 300px;%22>\n<h4>Carlos Eduardo Ruiz<\/h4>\n<\/div>\n<div style=%22width: 300px;%22>\n<h4 style=%22color: #2b8ada;%22><a href=%22mailto:cruiz@uib.com.co%22>cruiz@uib.com.co<\/a><\/h4>\n<\/div>\n<\/div>\n<p>\u00bb content_last_edited=\u00bbon|phone\u00bb _builder_version=\u00bb4.3.2&#8243; header_font=\u00bb|700|||||||\u00bb custom_margin=\u00bb||-2px|||\u00bb custom_padding=\u00bb||17px|||\u00bb hover_enabled=\u00bb0&#8243;]<\/p>\n<div style=\"display: flex;\">\n<div style=\"width: 350px;\">\n<h3 style=\"color: #005faa;\"><strong>Vicepresidente Ejecutivo<\/strong><\/h3>\n<\/div>\n<div style=\"width: 300px;\">\n<h4>Carlos Eduardo Ruiz<\/h4>\n<\/div>\n<div style=\"width: 300px;\">\n<h4 style=\"color: #2b8ada;\"><a href=\"mailto:cruiz@uib.com.co\">cruiz@uib.com.co<\/a><\/h4>\n<\/div>\n<\/div>\n<p>[\/et_pb_text][et_pb_divider color=\u00bbrgba(0,0,0,0.2)\u00bb divider_weight=\u00bb2px\u00bb _builder_version=\u00bb4.3.2&#8243; custom_margin=\u00bb||11px|||\u00bb][\/et_pb_divider][et_pb_text content_tablet=\u00bb<\/p>\n<div style=%22width: 350px;%22>\n<h3 style=%22color: #005faa;%22><strong>Vicepresidente Comercial<\/strong><\/h3>\n<\/div>\n<div style=%22width: 300px;%22>\n<h4>Andr\u00e9s Daes<\/h4>\n<\/div>\n<div style=%22width: 300px;%22>\n<h4 style=%22color: #2b8ada;%22><a href=%22mailto:adaes@uib.com.co%22>adaes@uib.com.co<\/a><\/h4>\n<\/div>\n<p>\u00bb content_phone=\u00bb<\/p>\n<div style=%22width: 350px;%22>\n<h3 style=%22color: #005faa;%22><strong>Vicepresidente Comercial<\/strong><\/h3>\n<\/div>\n<div style=%22width: 300px;%22>\n<h4>Andr\u00e9s Daes<\/h4>\n<\/div>\n<div style=%22width: 300px;%22>\n<h4 style=%22color: #2b8ada;%22><a href=%22mailto:adaes@uib.com.co%22>adaes@uib.com.co<\/a><\/h4>\n<\/div>\n<p>\u00bb content_last_edited=\u00bbon|phone\u00bb _builder_version=\u00bb4.3.2&#8243; header_font=\u00bb|700|||||||\u00bb header_3_line_height=\u00bb1.6em\u00bb custom_margin=\u00bb||2px|||\u00bb hover_enabled=\u00bb0&#8243;]<\/p>\n<div style=\"display: flex;\">\n<div style=\"width: 350px;\">\n<h3 style=\"color: #005faa;\"><strong>Vicepresidente Comercial<\/strong><\/h3>\n<\/div>\n<div style=\"width: 300px;\">\n<h4>Andr\u00e9s Daes<\/h4>\n<\/div>\n<div style=\"width: 300px;\">\n<h4 style=\"color: #2b8ada;\"><a href=\"mailto:adaes@uib.com.co\">adaes@uib.com.co<\/a><\/h4>\n<\/div>\n<\/div>\n<p>[\/et_pb_text][\/et_pb_column][\/et_pb_row][et_pb_row _builder_version=\u00bb4.3.2&#8243; width=\u00bb90%\u00bb custom_padding=\u00bb0px||2px|||\u00bb][et_pb_column type=\u00bb4_4&#8243; _builder_version=\u00bb4.3.2&#8243;][et_pb_divider color=\u00bbrgba(0,0,0,0.2)\u00bb divider_weight=\u00bb2px\u00bb _builder_version=\u00bb4.3.2&#8243; custom_margin=\u00bb||5px|||\u00bb][\/et_pb_divider][et_pb_text content_tablet=\u00bb<\/p>\n<div>\n<div style=%22width: 350px;%22>\n<h3 style=%22color: #005faa;%22><strong>Gerente T\u00e9cnica<\/strong><\/h3>\n<\/div>\n<div style=%22width: 300px;%22>\n<h4>Mar\u00eda Helena Casta\u00f1eda<\/h4>\n<h4 style=%22color: #2b8ada;%22><a href=%22mailto:mcastaneda@uib.com.co%22>mcastaneda@uib.com.co<\/a><\/h4>\n<\/div>\n<p>\u00bb content_phone=\u00bb<\/p>\n<div>\n<div style=%22width: 350px;%22>\n<h3 style=%22color: #005faa;%22><strong>Gerente T\u00e9cnica<\/strong><\/h3>\n<\/div>\n<div style=%22width: 300px;%22>\n<h4>Mar\u00eda Helena Casta\u00f1eda<\/h4>\n<h4 style=%22color: #2b8ada;%22><a href=%22mailto:mcastaneda@uib.com.co%22>mcastaneda@uib.com.co<\/a><\/h4>\n<\/div>\n<p>\u00bb content_last_edited=\u00bbon|desktop\u00bb _builder_version=\u00bb4.3.2&#8243; header_font=\u00bb|700|||||||\u00bb header_3_line_height=\u00bb1.6em\u00bb custom_margin=\u00bb||2px|||\u00bb hover_enabled=\u00bb0&#8243;]<\/p>\n<div style=\"display: flex;\">\n<div style=\"width: 350px;\">\n<h3 style=\"color: #005faa;\"><strong>Gerente T\u00e9cnica<\/strong><\/h3>\n<\/div>\n<div style=\"width: 300px;\">\n<h4>Mar\u00eda Helena Casta\u00f1eda<\/h4>\n<\/div>\n<div style=\"width: 300px;\">\n<h4 style=\"color: #2b8ada;\"><a href=\"mailto:mcastaneda@uib.com.co\">mcastaneda@uib.com.co<\/a><\/h4>\n<\/div>\n<\/div>\n<p>[\/et_pb_text][et_pb_divider color=\u00bbrgba(0,0,0,0.2)\u00bb divider_weight=\u00bb2px\u00bb _builder_version=\u00bb4.3.2&#8243; custom_margin=\u00bb||12px|||\u00bb custom_padding=\u00bb||0px|||\u00bb][\/et_pb_divider][et_pb_text content_tablet=\u00bb<\/p>\n<div>\n<div style=%22width: 350px;%22>\n<h3 style=%22color: #005faa;%22><strong>Administrativo y Finanzas<\/strong><\/h3>\n<\/div>\n<div style=%22width: 300px;%22>\n<h4>Lady Mercedes Botero<\/h4>\n<\/div>\n<div style=%22width: 300px;%22>\n<h4 style=%22color: #2b8ada;%22><a href=%22mailto:lbotero@uib.com.co%22>lbotero@uib.com.co<\/a><\/h4>\n<\/div>\n<\/div>\n<p>\u00bb content_phone=\u00bb<\/p>\n<div>\n<div style=%22width: 350px;%22>\n<h3 style=%22color: #005faa;%22><strong>Administrativo y Finanzas<\/strong><\/h3>\n<\/div>\n<div style=%22width: 300px;%22>\n<h4>Lady Mercedes Botero<\/h4>\n<\/div>\n<div style=%22width: 300px;%22>\n<h4 style=%22color: #2b8ada;%22><a href=%22mailto:lbotero@uib.com.co%22>lbotero@uib.com.co<\/a><\/h4>\n<\/div>\n<\/div>\n<p>\u00bb content_last_edited=\u00bbon|phone\u00bb _builder_version=\u00bb4.3.2&#8243; header_font=\u00bb|700|||||||\u00bb header_3_line_height=\u00bb1.6em\u00bb custom_margin=\u00bb||2px|||\u00bb hover_enabled=\u00bb0&#8243;]<\/p>\n<div style=\"display: flex;\">\n<div style=\"width: 350px;\">\n<h3 style=\"color: #005faa;\"><strong>Administrativo y Finanzas<\/strong><\/h3>\n<\/div>\n<div style=\"width: 300px;\">\n<h4>Lady Mercedes Botero<\/h4>\n<\/div>\n<div style=\"width: 300px;\">\n<h4 style=\"color: #2b8ada;\"><a href=\"mailto:lbotero@uib.com.co\">lbotero@uib.com.co<\/a><\/h4>\n<\/div>\n<\/div>\n<p>[\/et_pb_text][et_pb_divider color=\u00bbrgba(0,0,0,0.2)\u00bb divider_weight=\u00bb2px\u00bb _builder_version=\u00bb4.3.2&#8243;][\/et_pb_divider][\/et_pb_column][\/et_pb_row][et_pb_row _builder_version=\u00bb4.3.2&#8243; background_color=\u00bb#00283c\u00bb width=\u00bb100%\u00bb max_width=\u00bb2560px\u00bb custom_margin=\u00bb142px|auto||auto||\u00bb custom_padding=\u00bb49px||0px|||\u00bb global_module=\u00bb1264&#8243; saved_tabs=\u00bball\u00bb][et_pb_column type=\u00bb4_4&#8243; _builder_version=\u00bb4.3.2&#8243;][et_pb_text _builder_version=\u00bb4.3.2&#8243; text_text_color=\u00bb#FFFFFF\u00bb text_font_size=\u00bb17px\u00bb text_line_height=\u00bb1.6em\u00bb header_3_text_color=\u00bb#ffffff\u00bb custom_margin_last_edited=\u00bboff|desktop\u00bb custom_padding=\u00bb||50px|4em|false|false\u00bb custom_padding_tablet=\u00bb\u00bb custom_padding_phone=\u00bb||70px|2em|false|false\u00bb custom_padding_last_edited=\u00bbon|phone\u00bb text_font_size_tablet=\u00bb\u00bb text_font_size_phone=\u00bb14px\u00bb text_font_size_last_edited=\u00bbon|phone\u00bb]<\/p>\n<p><img decoding=\"async\" src=\"https:\/\/uib.com.co\/seguros-uib\/wp-content\/uploads\/2022\/06\/vigilado_SFC2-28x300-1.png\" width=\"24\" height=\"250\" alt=\"\" class=\"wp-image-554 alignnone size-medium\" style=\"float: left;\" \/><\/p>\n<div style=\"margin-left: 5em; margin-top: 2em;\">\n<h3><strong>Company Information.<\/strong><\/h3>\n<p>UIB Colombia S.A. Corredores de Reaseguros<\/p>\n<p>Calle 73 # 7-31 Piso 5 Torre B, Bogot\u00e1 D.C, Colombia<\/p>\n<ul style=\"margin-left: 20px;\">\n<li><span>T\u00e9lefono: (57) 601 326 71 00<\/span><\/li>\n<li>Email: <a style=\"color: #3490d0;\" href=\"colombia@uib.com.co?Subject=Interesado%20en%20mas%20informacion\">uib.colombia@uib.com.co<\/a><\/li>\n<li><span style=\"color: #ffffff;\"><a style=\"color: rgba(225, 225, 225, 0.4);\"><b>Privacy Policy<\/b><\/a><\/span><b><\/b><\/li>\n<\/ul>\n<\/div>\n<p>[\/et_pb_text][et_pb_text _builder_version=\u00bb4.3.2&#8243; text_text_color=\u00bb#FFFFFF\u00bb background_color=\u00bb#005faa\u00bb custom_padding=\u00bb10px||10px||true|false\u00bb]&nbsp;[\/et_pb_text][\/et_pb_column][\/et_pb_row][\/et_pb_section]<\/p>\n","protected":false},"excerpt":{"rendered":"<p>Nuestro equipo &nbsp;UIB Seguros\u00a0 Nuestro equipoUIB GroupCorreo electr\u00f3nico del equipo Presidente Yolanda Guerra yguerra@uib.com.co Vicepresidente Ejecutivo Carlos Eduardo Ruiz cruiz@uib.com.co Vicepresidente Comercial Andr\u00e9s Daes adaes@uib.com.co Gerente T\u00e9cnica Mar\u00eda Helena Casta\u00f1eda mcastaneda@uib.com.co Administrativo y Finanzas Lady Mercedes Botero lbotero@uib.com.co Company Information. UIB Colombia S.A. Corredores de Reaseguros Calle 73 # 7-31 Piso 5 Torre B, Bogot\u00e1 [&hellip;]<\/p>\n","protected":false},"author":1,"featured_media":0,"parent":0,"menu_order":0,"comment_status":"closed","ping_status":"closed","template":"page-template-blank.php","meta":{"_et_pb_use_builder":"on","_et_pb_old_content":"","_et_gb_content_width":"","footnotes":""},"class_list":["post-1241","page","type-page","status-publish","hentry"],"_links":{"self":[{"href":"https:\/\/uib.com.co\/seguros-uib\/wp-json\/wp\/v2\/pages\/1241","targetHints":{"allow":["GET"]}}],"collection":[{"href":"https:\/\/uib.com.co\/seguros-uib\/wp-json\/wp\/v2\/pages"}],"about":[{"href":"https:\/\/uib.com.co\/seguros-uib\/wp-json\/wp\/v2\/types\/page"}],"author":[{"embeddable":true,"href":"https:\/\/uib.com.co\/seguros-uib\/wp-json\/wp\/v2\/users\/1"}],"replies":[{"embeddable":true,"href":"https:\/\/uib.com.co\/seguros-uib\/wp-json\/wp\/v2\/comments?post=1241"}],"version-history":[{"count":9,"href":"https:\/\/uib.com.co\/seguros-uib\/wp-json\/wp\/v2\/pages\/1241\/revisions"}],"predecessor-version":[{"id":1440,"href":"https:\/\/uib.com.co\/seguros-uib\/wp-json\/wp\/v2\/pages\/1241\/revisions\/1440"}],"wp:attachment":[{"href":"https:\/\/uib.com.co\/seguros-uib\/wp-json\/wp\/v2\/media?parent=1241"}],"curies":[{"name":"wp","href":"https:\/\/api.w.org\/{rel}","templated":true}]}}